. Calculate h(37).
-40
Let h(x) = -74*x - 3324. Give h(-45).
6
Let b(a) = -7282*a + 50977. Calculate b(7).
3
Let j(x) = -2*x**2 + 8*x + 5. What is j(-12)?
-379
Let h(v) = 21*v**2 + 777*v + 40. Give h(-37).
40
Let c(a) = -12*a**2 - 696*a + 2. What is c(-58)?
2
Let b(w) = -2*w**3 + 12*w**2 + 42*w - 107. What is b(2)?
9
Let u(y) = y**3 - 12*y**2 + 11*y - 4. What is u(11)?
-4
Let m(z) = z**2 - 135*z - 4194. Determine m(-26).
-8
Let s(d) = d**2 - 26*d + 6. Calculate s(27).
33
Let q(k) = 276*k**2 + 834*k + 28. Calculate q(-3).
10
Let d(i) = -206*i + 15035. Calculate d(73).
-3
Let r(y) = 642*y - 5757. Determine r(9).
21
Let f(a) = 9*a + 120. Calculate f(9).
201
Let o(w) = w**2 - 49*w + 40. Calculate o(46).
-98
Let l(n) = 51*n**3 - 5*n**2 + 8*n - 6. What is l(2)?
398
Let g(f) = -24*f + 30. What is g(10)?
-210
Let u(o) = -15*o**3 - 83*o**2 - 109*o + 2. Determine u(-2).
8
Let x(d) = 22*d + 330. Calculate x(-15).
0
Let x(u) = u**3 + 48*u**2 + 89*u - 4. What is x(-2)?
2
Let t(a) = -a**2 + 9*a + 237. What is t(20)?
17
Let k(t) = 229*t + 2185. What is k(-10)?
-105
Let r(v) = 85*v + 240. Give r(-3).
-15
Let f(c) = 48*c + 1011. Determine f(-17).
195
Let b(j) = -2*j**3 + 43*j**2 - 20*j - 52. Calculate b(21).
-31
Let o(q) = -5333*q + 26659. Calculate o(5).
-6
Let p(r) = r**2 + 47*r + 232. Calculate p(-6).
-14
Let y(m) = 62*m - 640. Calculate y(9).
-82
Let b(v) = 72*v - 8995. What is b(125)?
5
Let j(b) = 8*b**3 + 7*b**2 + 6*b - 15. What is j(2)?
89
Let b(m) = -m**3 - 19*m**2 - 100*m - 1124. Calculate b(-17).
-2
Let r(n) = -33*n + 323. Determine r(10).
-7
Let x(b) = -3*b - 92. Give x(-14).
-50
Let t(z) = 2*z**2 + z - 88. What is t(6)?
-10
Let o(c) = -188*c + 2449. What is o(13)?
5
Let n(h) = -h**2 - 18*h + 47. Give n(4).
-41
Let u(y) = 14*y - 114. Calculate u(24).
222
Let l(a) = -a**2 + 9*a - 43. Give l(11).
-65
Let c(g) = -g**3 + 132*g**2 - 641*g + 27. Give c(5).
-3
Let u(v) = v**3 + 33*v**2 - 5*v - 316. Determine u(-32).
868
Let m(d) = -d**3 - 100*d**2 - 51*d + 4749. Determine m(-99).
-3
Let x(s) = -s**2 + 10*s - 32. What is x(18)?
-176
Let o(c) = 8*c - 349. What is o(45)?
11
Let x(o) = 65*o - 851. Determine x(14).
59
Let a(x) = -3*x**2 - 264*x + 1696. Calculate a(6).
4
Let r(f) = 4*f**3 + 16*f**2 + 16*f + 49. Determine r(-4).
-15
Let i(k) = -4*k**3 + 28*k**2 - 44*k + 212. Give i(6).
92
Let w(k) = 2*k**3 + 12*k**2 - 3*k - 8. Give w(-8).
-240
Let f(r) = 94*r + 823. Determine f(-8).
71
Let b(d) = 7*d**2 - 102*d + 25. Determine b(16).
185
Let f(b) = -85*b - 3749. What is f(-44)?
-9
Let g(p) = -p**3 - 29*p**2 - 138*p + 11. What is g(-23)?
11
Let r(v) = 24*v**2 + 48*v + 6. What is r(-2)?
6
Let s(j) = -8*j + 227. Determine s(25).
27
Let p(g) = -101*g - 86. Calculate p(13).
-1399
Let i(y) = y**3 + 33*y**2 - 62*y - 36. What is i(-35)?
-316
Let u(k) = -252*k + 1015. Calculate u(4).
7
Let g(x) = 73*x + 502. What is g(-8)?
-82
Let v(t) = -174*t + 32. Calculate v(-3).
554
Let d(b) = -3*b**3 - 603*b**2 - 2367*b - 585. What is d(-197)?
6
Let z(x) = -x**3 + 18*x**2 + 37*x - 16. Calculate z(20).
-76
Let y(o) = 17*o + 90. Calculate y(15).
345
Let p(v) = -2*v**3 + 79*v**2 + 125*v - 86. Give p(41).
-4
Let r(u) = u**3 + 14*u**2 + 6*u - 10. Give r(-14).
-94
Let g(d) = -d**3 - 82*d**2 - 269*d - 29208. Determine g(-83).
8
Let h(j) = -115*j - 28. Give h(0).
-28
Let p(l) = 911*l + 6375. What is p(-7)?
-2
Let b(g) = -21*g + 103. Determine b(6).
-23
Let x(c) = -5*c**2 + 77*c - 29. Determine x(17).
-165
Let a(i) = 37*i - 37. Determine a(4).
111
Let p(l) = 1233*l - 8629. Calculate p(7).
2
Let w(o) = o**3 + 86*o**2 + 254*o + 7206. Determine w(-84).
-18
Let l(j) = -j**3 - 9*j**2 - 19*j - 58. Determine l(-9).
113
Let b(h) = 31*h - 702. What is b(23)?
11
Let j(s) = -118*s - 5. Give j(-3).
349
Let i(k) = -33*k**2 - 167*k + 179. What is i(-6)?
-7
Let s(p) = -p**3 - 5*p**2 + 26*p + 1. What is s(-6)?
-119
Let o(v) = -2*v**3 + 124*v**2 + 45*v - 2860. Give o(62).
-70
Let m(q) = q**3 + 16*q**2 - 62*q - 93. Determine m(-19).
2
Let i(v) = -v**2 + 98*v - 1881. Give i(70).
79
Let i(s) = s**3 + 5*s**2 - 35*s - 138. Determine i(-5).
37
Let f(g) = -2*g**2 - 72*g - 164. Calculate f(-33).
34
Let q(m) = m**3 + 3*m**2 - 36*m - 1. What is q(-6)?
107
Let t(x) = 338*x + 2368. What is t(-7)?
2
Let b(w) = 2*w - 30. Give b(19).
8
Let o(r) = -2*r**3 + 16*r**2 + 65*r - 67. Calculate o(11).
-78
Let i(x) = 73*x + 2875. Determine i(-39).
28
Let t(l) = 3023*l - 27210. Determine t(9).
-3
Let w(p) = -p**3 + 117*p**2 - 341*p - 167. What is w(114)?
-53
Let g(v) = 201*v - 2268. Calculate g(11).
-57
Let x(u) = -u**2 + u + 170. Give x(-13).
-12
Let m(b) = -b**3 + 17*b**2 + 32*b + 45. What is m(19)?
-69
Let g(x) = -x**2 + 62*x - 881. Determine g(40).
-1
Let k(u) = 4*u**2 - 15*u - 62. Determine k(9).
127
Let f(b) = -3*b**2 - 89*b + 50. Determine f(-30).
20
Let k(t) = t**3 - 4*t**2 - 62*t + 18. What is k(10)?
-2
Let a(c) = c**3 - 11*c**2 - 54*c + 658. What is a(9)?
10
Let g(i) = 25*i + 745. Determine g(-30).
-5
Let w(p) = -3*p**2 + 2*p - 8. Calculate w(0).
-8
Let h(l) = 69*l + 271. What is h(2)?
409
Let z(v) = -17*v**2 - 2*v + 30. Calculate z(0).
30
Let h(q) = -4*q**3 - 5*q**2 - q + 10. What is h(-2)?
24
Let l(x) = -2*x**3 + 33*x**2 + 11*x - 521. Give l(16).
-89
Let z(w) = 3*w**3 - 14*w**2 + 10*w - 41. Give z(5).
34
Let x(s) = 2*s**3 - 143*s**2 + 79*s - 664. Determine x(71).
-96
Let l(c) = -2*c**2 - 319*c - 5109. What is l(-18)?
-15
Let w(r) = 139*r - 5406. Determine w(38).
-124
Let k(m) = 253*m + 1550. Give k(-7).
-221
Let z(l) = 4*l**3 + 6*l**2 + 4*l + 10. What is z(-3)?
-56
Let w(u) = -24*u - 151. Give w(-7).
17
Let v(q) = 64*q**3 + 5*q**2 - 4. Calculate v(-2).
-496
Let a(g) = -49*g - 1954. Calculate a(-40).
6
Let a(q) = -q**3 - 46*q**2 - 198*q + 141. Give a(-41).
-146
Let v(d) = 56*d + 69. Determine v(-3).
-99
Let w(t) = 6*t**2 - 33. Determine w(0).
-33
Let u(r) = -r**3 + 7*r**2 + 45*r - 246. What is u(9)?
-3
Let q(w) = 69*w + 963. Give q(-14).
-3
Let v(u) = u**2 + 122*u + 926. Calculate v(-8).
14
Let g(q) = -2*q**3 + 23*q**2 - 4*q - 31. Give g(12).
-223
Let s(y) = -27*y + 721. What is s(27)?
-8
Let h(s) = s**2 - s - 92. Calculate h(-13).
90
Let z(y) = 2*y**2 + 13*y - 315. Calculate z(10).
15
Let w(n) = 190*n + 527. Give w(-3).
-43
Let k(x) = 2*x**2 - 142*x - 1086. Determine k(78).
6
Let l(c) = 6*c + 114. Determine l(-27).
-48
Let u(m) = -m**3 + 19*m**2 + 91*m - 11. Give u(-4).
-7
Let v(u) = -5*u**2 + 48*u + 72. Give v(11).
-5
Let g(k) = -k**3 - 8*k**2 - 17*k - 75. Calculate g(-7).
-5
Let r(s) = s**2 - 576*s + 58588. Calculate r(132).
-20
Let c(a) = -25*a + 98. What is c(-5)?
223
Let a(b) = b**3 - 13*b**2 - 337*b - 57. What is a(26)?
-31
Let n(q) = 28*q**2 + 537*q + 57. Give n(-19).
-38
Let z(d) = 17*d**2 + 47*d - 205. Give z(-5).
-15
Let u(c) = 183*c**2 - 40*c - 39. Calculate u(-1).
184
Let b(n) = -n**2 - 17*n + 69. Calculate b(-18).
51
Let y(j) = -2*j**3 + 60*j**2 + 13*j - 405. Determine y(30).
-15
Let n(s) = 44*s**2 + s + 2. What is n(0)?
2
Let j(z) = -3*z**2 + 2*z + 25. Determine j(0).
25
Let r(v) = -574*v - 125707. Determine r(-219).
-1
Let j(o) = 82*o - 8. Calculate j(1).
74
Let f(i) = i**2 - 27*i - 708. Give f(43).
-20
Let j(t) = -t**3 + 11*t**2 - 29*t + 12. Give j(7).
5
Let v(w) = -2*w**3 + 27*w**2 - 18*w - 401. Give v(11).
6
Let l(i) = 195*i + 3000. Give l(-15).
75
Let m(x) = -x**2 - 5. Give m(0).
-5
Let m(d) = d**2 + 17*d + 72. What is m(-15)?
42
Let y(v) = 98*v - 9699. What is y(99)?
3
Let v(n) = -n**2 + 43*n + 549. What is v(55)?
-111
Let j(l) = l**3 + 3*l**2 - 7. Give j(-5).
-57
Let o(w) = -708*w + 5662. What is o(8)?
-2
Let f(o) = -o**3 + 157*o**2 + 164*o - 947. Give f(158).
1
Let y(o) = 140*o + 820. Determine y(-6).
-20
Let k(j) = -245*j + 2191. Calculate k(9).
-14
Let b(a) = 630*a + 2513. Determine b(-4).
-7
Let n(l) = -4*l**2 + 26*l + 102. Give n(-5).
-128
Let s(y) = -718*y + 721. Calculate s(1).
3
Let r(o) = -4940*o + 108689. Calculate r(22).
9
Let f(r) = 4*r**2 + 39*r + 26. Calculate f(-9).
-1
Let x(w) = -w**3 + 139*w**2 - 143*w + 695. What is x(138)?
5
Let l(c) = -589*c - 13575. Determine l(-23).
-28
Let n(z) = 3*z**2 + 29*z - 1. What is n(-10)?
9
Let m(c) = -27*c - 48. Give m(-3).
33
Let f(r) = -425*r + 42929. Give f(101).
4
Let u(p) = -2*p**3 - 8*p**2 + 34. What is u(-5)?
84
Let n(u) = -2*u**3 - 57*u**